+ 3*a + 0. Let j be h(-6). Give r(j).
4
Let r(f) = f**2 - 6*f + 1. Let q = -6 + 5. Let h be -4*q*(-20)/(-16). What is r(h)?
-4
Let p(o) = -2 - 534*o + 534*o + o**3. Give p(0).
-2
Let n(s) be the second derivative of s**4/24 + 2*s**3/3 + s**2 + 3*s. Let u(y) be the first derivative of n(y). Give u(-5).
-1
Let y(o) = 4*o**2 + 7*o**2 - 12*o**2 + 2*o**2 - o - 2. Determine y(-3).
10
Let a be (12 - 4 - 6)*1/(-2). Let f(r) = -12*r - 1. What is f(a)?
11
Suppose -5 = -2*j - 1. Suppose 5*r - 12 = j*r. Let s(b) = -b - 1. Give s(r).
-5
Let x(n) = -n**2 + 5*n. Let a(z) = z**3 - z**2 + 1. Let d be a(2). Determine x(d).
0
Let a(z) = 22*z - 36*z + 20*z + z**2 - 7 + 5. What is a(-6)?
-2
Let p = 2 + 0. Suppose -r = -2*g + 11, 2*r + p*r + 23 = g. Suppose -g*y - 3 + 6 = -3*b, 3*y - 2*b - 6 = 0. Let q(v) = -2*v + 5. Give q(y).
-3
Suppose -g = 4*i - 24, 4*g + 3 + 9 = 2*i. Let f(y) = -y**3 + 6*y**2 - 3*y + 1. Calculate f(i).
-17
Let x(q) be the second derivative of -q**5/20 - q**4/6 + q**3/6 - 2*q**2 + q. Let h be -5*((-124)/(-20) + -5) + 3. Give x(h).
2
Let d(t) = -2*t + 7 + 2*t - 4 - 4*t. Let o be d(3). Let v(x) = -x - 13. Let g be v(o). Let m(f) = 2*f. What is m(g)?
-8
Let g(l) = 2*l - 6. Suppose -7 - 5 = -2*b. Let a = b - 1. Determine g(a).
4
Let y(x) = x + 3. Let f be y(2). Let o(v) = 2*v - 2. Let n(t) = 3*t - 3. Let c(d) = -3*n(d) + 4*o(d). Give c(f).
-4
Let z(h) = 4*h**3 - h**2 - 2*h + 6. Let s(b) = -b**3 - b - 1. Let i(t) = 3*s(t) + z(t). Let w(m) = m**3 + 8*m**2 + 3. Let f be w(-8). What is i(f)?
6
Let g(n) = n**2 - 6*n. Let f(z) be the second derivative of -z**3/3 + z**2/2 + z. Let w be f(-1). Suppose -2*p - w = -11. What is g(p)?
-8
Let j(k) = -k**3 - 4*k**2 + 3*k + 6. Suppose 4*n = -g - 13, -6*n + 2*n - 1 = 5*g. Suppose 5*z + 40 = -q, g*z + 3*q + 16 = z. Let u = 4 + z. What is j(u)?
-6
Let t(v) = 48 + v**2 - 52 - 3*v**2 - 3*v. Calculate t(-3).
-13
Let c = -8 - -6. Let u = -2 - c. Let x(z) = -5*z + u + 2*z**2 + 2 - z**2. Determine x(4).
-2
Let n = 14 + -10. Let u be (-36)/8*n/(-6). Let f(z) = 2*z**2 - 3*z - 2. Calculate f(u).
7
Suppose 5*l - 3*b - 8 = 17, -3*l = 3*b + 9. Let f(k) = 3*k + 1 + 0 - 6 + k**l. Suppose -4*w - 20 = 2*g, 3 - 13 = 2*w + 2*g. Determine f(w).
5
Let t(u) = u + 1. Let w be t(-5). Let y = 13 + 7. Let q(f) = -6 - y*f - 4*f**2 + 19*f + 0 + 3 - f**3. Determine q(w).
1
Let z(g) = -g**3 - 3*g**2 + 5*g. Let n(t) = -1. Let y be (-4)/(-12)*(-1 + 4). Let q(o) = y*z(o) - 6*n(o). Determine q(-4).
2
Let c(t) be the first derivative of -t**2/2 + 3*t - 8. Let k = 11 - 7. Give c(k).
-1
Let d = 469 - 468. Let r(u) = 21*u - 8. Let o(q) = 7*q - 3. Let t(y) = -11*o(y) + 4*r(y). Calculate t(d).
8
Suppose -z + 23 + 26 = 3*r, -z - 26 = -2*r. Suppose -3*c = -6*c - r. Let v(a) = a**2 + 7*a + 3. Determine v(c).
-7
Suppose 0 = -m - 4. Let j = 15 + -9. Let v(q) = -j + q + 1 + 0. What is v(m)?
-9
Suppose -4*w + 2 + 14 = 0. Let k(b) = w - 10*b + 21*b - 9*b + b**2. Calculate k(-5).
19
Let i(s) be the first derivative of -s**4/4 - s**3/3 - 3*s**2/2 - 2*s - 5. Suppose w = -1 - 1. Give i(w).
8
Let o(q) = q**2 - 5*q - 2. Let g = 13 - 7. Let j be o(g). Let f(y) = 8*y - j + y**2 - 7*y + 2*y**3 - 3*y**3. Give f(0).
-4
Let y(z) = -3*z + 1. Let w be ((-6)/4)/((-1)/(-2)). What is y(w)?
10
Let y = 10 - 8. Let l = -4 - y. Let i(z) = -z**3 - 6*z**2 + z + 6. Give i(l).
0
Suppose 3*g = 2*g + 3. Let q(l) be the third derivative of l**4/12 - l**3/3 - 9*l**2. Calculate q(g).
4
Let k(t) = -1 - t - 4 + 0 + 0*t. Let y be k(-4). Let i(c) = -2*c**3 - c. Determine i(y).
3
Let z(y) be the first derivative of -y**6/60 + y**5/30 - y**3/6 + y**2 - 2. Let g(j) be the second derivative of z(j). Let h be 1/7 - (-12)/14. What is g(h)?
-1
Suppose 0 = m - 4*m + 6. Suppose -i - m*i = 15. Let u(a) = a**2 + 6*a. What is u(i)?
-5
Let m be (2/3)/((-2)/(-9)). Suppose t + m - 1 = 0. Let p(z) = z**2 - z + 1. What is p(t)?
7
Suppose 0 = -0*t - 3*t - 12. Let o(n) = -n - 6. Calculate o(t).
-2
Let l(g) = g**3 - 5*g**2 - 5*g - 3. Let c be l(6). Let w = -3 + c. Let a(m) = 0*m - 2*m + w*m - 7. Calculate a(-5).
3
Let t = -9 - -16. Suppose -2*y = t - 17. Let m(a) = 2*a + 5*a - 4*a + y. Determine m(-4).
-7
Let s be 4/10 - 66/15. Let w(z) = -1 + z**3 + 2*z**2 - 5*z + z + 0 + 3. Calculate w(s).
-14
Suppose 48*i - 15 = 43*i. Let n(u) = -u - 3. Calculate n(i).
-6
Suppose -5*q - 16 = -4*b, -5*b + 3 = q - 3*q. Let c(m) = m**3 + 5*m**2 + 2*m. Calculate c(q).
8
Let n(w) = -6*w**2 + 1. Let q(z) = z - 1. Let c be q(-2). Let u = 1 - c. Let x = u + -5. Give n(x).
-5
Let t(w) = -w**2 + 2*w + 4. Suppose -4*c - 3*g = 52, 4*c + g = -3*g - 48. Let f be 4/c*(-11 + -1). Let h be t(f). Let x(u) = -u**2 + 2*u - 1. Calculate x(h).
0
Suppose 27*c - 8 = 28*c. Let n(u) = u**3 + 8*u**2 + 4*u - 1. Determine n(c).
-33
Let y(u) = -u**3 + 4*u**2 + u - 4. Let v be ((-8)/(-28))/(3/21). Let b = 6 - v. Determine y(b).
0
Suppose 6 = 4*r - 26. Let c = r - 13. Let p(m) = -3*m**3 - 6*m**2 - 8*m. Let o(i) = -4*i**3 - 6*i**2 - 9*i + 1. Let d(t) = -2*o(t) + 3*p(t). Calculate d(c).
3
Let r be (4/3)/((-7)/(-21)). Suppose -14 + r = 5*y. Let w(a) = a + 1. What is w(y)?
-1
Let s(r) = r**2 + 8*r + 6. Suppose 0 = w + 4*w - 3*u - 11, -5*w + 2*u + 14 = 0. Suppose q = w*q - 6. Suppose -5*n - 27 = 3*a, q*a + 4 - 6 = 0. What is s(n)?
-6
Let q(p) be the third derivative of p**8/6720 + p**7/2520 - 7*p**5/120 - p**4/12 + 3*p**2. Let u(i) be the second derivative of q(i). Calculate u(0).
-7
Let d = -5 - -3. Let h be d + (-1 - (-3 + 1)). Let z(i) = 5*i + 1. Determine z(h).
-4
Suppose -3*b + 7*b = 20. Let g(z) = -z + z**2 - 3*z**2 - 5 + 3*z**2. What is g(b)?
15
Let h(g) = 2*g. Let b = -8 - -11. Suppose 2*n = -b + 9. Suppose -3*x = -2*x - n. Determine h(x).
6
Let n be (16/(-6))/((-2)/6). Let z = 7 + -4. Let h = z - n. Let m(s) = s + 11. Determine m(h).
6
Let h(m) = m**3 + 6*m**2 + m - 7. Let i(t) = -3*t**3 - 12*t**2 - 2*t + 15. Let j(f) = 5*h(f) + 2*i(f). Determine j(6).
1
Let f(v) = -v**3 + 2*v**2 + 4*v. Let a = 52 - 48. Calculate f(a).
-16
Let m be (-18)/12*-10 - (-2 - -5). Let f(i) = i**2 - 11*i - 11. Determine f(m).
1
Let n = -4 - -1. Let i(y) be the first derivative of y**4/12 + y**3/2 + 2*y**2 - 3*y - 3. Let t(r) be the first derivative of i(r). Calculate t(n).
4
Let j(x) be the second derivative of x**3 - x**2/2 + x. Let u(w) = -w**3 - 2*w**2 + 4*w + 2. Let i be u(0). Determine j(i).
11
Let m(t) be the first derivative of -t**2 - 3*t + 41. Calculate m(-7).
11
Let o(d) = -d**3 + 4*d**2 - 2*d - 4. Let f be (9/6)/((-3)/(-10)). Suppose i - f = -2. Determine o(i).
-1
Let s(z) be the first derivative of z**4/2 + 2*z**3/3 - 3*z**2/2 - 2*z - 7. Determine s(-2).
-4
Let y(v) be the second derivative of -v**4/4 + v**2/2 - 12*v. What is y(2)?
-11
Let j(v) = 0 + 8 - 2*v - 2*v. Suppose -2*o = -3*x - 12, 2*x = -o - 8 - 7. Let d(i) = 5*i - 9. Let l(n) = x*j(n) - 5*d(n). Calculate l(-3).
0
Let x = 2 + 6. Suppose -k + 3*k - x = 0. Let s(b) = -3*b**2 - 4*b**2 + 2 + 0 + b**3 + k*b**2. Calculate s(2).
-2
Let v(x) be the third derivative of -x**6/120 - 3*x**5/20 - 7*x**4/24 + 4*x**3/3 + 40*x**2. Determine v(-8).
0
Let n(x) = -x**3 - 5*x**2 - 4*x - 6. Suppose -20 = -3*p + 1. Let q be 0 - -1 - 14/(-7). Suppose p = -i + q. Give n(i).
-6
Let b(x) = 2*x. Suppose 5*j = -4*v - 21, 2*v - 5*j + 1 = -2. What is b(v)?
-8
Let g(o) = 2*o**3 + 2*o**2 + 2*o - 1. Let l be 14 + -19 - (1 - -1). Let n(a) = -5*a**3 - 5*a**2 - 4*a + 2. Let j(y) = l*g(y) - 3*n(y). Give j(-3).
-11
Suppose -h + 49 = 5*x - 5*h, -3*x + 3*h = -30. Suppose -4*k = -x*k. Let a(w) be the third derivative of w**4/24 + 4*w**3/3 - w**2. Give a(k).
8
Suppose -k + 12 = 3*k. Let l(i) = -3*i**2 - 2*i. Let b(v) = 4*v**2 + 2*v. Let y(t) = -5*b(t) - 6*l(t). Determine y(k).
-12
Let i(u) = -u**3 + 1 + 2*u**3 + 0. Let f(p) = p + 4 - p**2 + 2 - 6. Let j be f(0). What is i(j)?
1
Let t(k) = 0*k - 10*k**2 - 3*k + 2*k. Determine t(1).
-11
Let k(c) = -15*c**2 - c. Suppose 0 = -6*z - 12*z - 18. What is k(z)?
-14
Let z(r) be the second derivative of -r + 1/6*r**3 + 1/12*r**4 + 0 - 1/20*r**5 - r**2. What is z(2)?
-4
Let h(c) be the first derivative of c**5/20 - c**4/3 - c**2 + c - 3. Let n(r) be the first derivative of h(r). Give n(4).
-2
Let h(t) = -t + 4. Suppose 24*s - 20 = 28*s. Calculate h(s).
9
Let d(k) = -3*k + 4. Let b be (-9)/(-6) + (-15)/(-10)